/35). Suppose 4*t - g + 29 - 100 = 0, -x*g = 5*t - 73. Calculate the remainder when 48 is divided by t.
14
Suppose -3*u + 5 = 14. Let b(o) = -2*o + 3. Calculate the remainder when 16 is divided by b(u).
7
Suppose 74 - 19 = 5*b. Calculate the remainder when 25 is divided by b.
3
Let o = 194 - 178. Suppose -4*u = 5*a - 5, 2*u = -3*a - u. Suppose -3*z + a*z = 94. Calculate the remainder when z is divided by o.
15
Suppose -2*s + s + 89 = -3*x, -2*x = 3*s - 245. What is the remainder when s is divided by 21?
20
Let a = 14 - 9. Suppose 40 = a*p - 4*q, -2*p + 4*q + 5 = -23. Suppose -p*g = g - 90. What is the remainder when 52 is divided by g?
16
Let r(g) = -g**2 - 5*g - 1. Calculate the remainder when -6*((-8)/(-3))/(-2) is divided by r(-3).
3
Suppose 3*i = 2*i + 5*c + 38, -5*i + 82 = 2*c. Suppose 145 = 3*x - 14. What is the remainder when x is divided by i?
17
Let o = -9 - -13. Let s = 1 + o. Suppose 4*c + d = 133, -d + 12 = -s*d. Calculate the remainder when c is divided by 12.
10
Suppose -4*c + 13 = -43. Calculate the remainder when 24 is divided by c.
10
Let r(t) = -t**3 + t**2 + t. Let c be r(2). Let h = c - -19. Let j(n) = 31*n**3 + 1. Calculate the remainder when j(1) is divided by h.
15
Suppose 3*t = -2*t + 80. Suppose 2*f = -2*f + t. Suppose 3*l = 8*l - 30. Calculate the remainder when l is divided by f.
2
Let q(a) = 14 - 2*a + a - 4. Calculate the remainder when 36 is divided by q(-3).
10
Suppose -2*h + 34 = 4*m, -2*m = m. What is the remainder when 99 is divided by h?
14
Let g(n) = -n**2 - 8*n - 5. Let c be 2*(-2)/((-4)/(-7)). Let a be g(c). Suppose a*q - 35 = q. Calculate the remainder when q is divided by 12.
11
Suppose 0*t = -2*t + 4. Calculate the remainder when 25 is divided by (-36)/(-45)*35/t.
11
Suppose 0 = -2*v + 4*i, i = -2*v + 4*i + 3. Let u(y) = -y**3 - 7*y**2 - 2*y + 3. What is the remainder when u(-7) is divided by v?
5
Let t = -2 - -5. Suppose w = -3*z + 6*z - 32, 3*w - 24 = -t*z. What is the remainder when 28 is divided by z?
8
Let t be (-6)/(1 + 28/(-16)). What is the remainder when 21 is divided by (t - 2) + 1*2?
5
Let s = 18 + -11. Let n(v) = 2*v - 8. Calculate the remainder when 17 is divided by n(s).
5
Let d be 3/2 - (-540)/8. Suppose -y - 5*c = -96, 0*y + 4*c + d = y. Calculate the remainder when y is divided by 21.
18
Let t = -75 - -48. Let r(w) = 3*w**2 + 7*w. Let y be r(-5). Let h = y + t. Calculate the remainder when 24 is divided by h.
11
Let x = 280 + -128. Let w = 89 - x. What is the remainder when (w/(-6))/((-4)/(-8)) is divided by 6?
3
Let b(o) = 25*o. Let p(q) = -q - 15. What is the remainder when b(1) is divided by p(-22)?
4
Suppose 0 = 9*u - 2*u - 343. What is the remainder when u is divided by 26?
23
Let h = -21 + 42. Calculate the remainder when 82 is divided by h.
19
Let z(m) = m**2 - 10*m + 8. Let h be z(9). Calculate the remainder when 66 is divided by h/((-4)/84) - -2.
20
Let z = -30 - -43. What is the remainder when 63 is divided by z?
11
Suppose 3*i - 20 = -2*r, 3*i = 4*i + 5*r - 11. Suppose 2*q - 12 = -2*x, -4*q + 3 = 2*x - 1. What is the remainder when x is divided by i?
4
Let b = 35 + -56. Calculate the remainder when -3*(2 + b*1) is divided by 29.
28
Suppose 5*s = 2*f - 23, 5*f - 43 = s + 49. Calculate the remainder when f is divided by 10.
9
Calculate the remainder when 12/(-3) + 3 - -14 is divided by 7.
6
Suppose 2*m - 3*m = -62. What is the remainder when m is divided by 16?
14
Let h(i) = -i - 5. Suppose -4 = 4*j - 12. Suppose v = -j*v - 21. What is the remainder when 2 is divided by h(v)?
0
Suppose 5*d = -f + 45, -5*d - f = f - 40. Let y(a) = -a - 1. Let q be y(2). Calculate the remainder when 224/6 + 1/q is divided by d.
7
Suppose 72 = -2*k + 4*k. Calculate the remainder when k is divided by 19.
17
Let s = -18 - -27. Let z(v) = -v - 4. Let g be -9*-2*(-3)/6. What is the remainder when s is divided by z(g)?
4
Suppose -w = -2*o - 7, -2*o = 1 - 7. Let z(l) = -l**2 + 5*l + 1. Let h(f) = f + 11. Let i be h(-8). Calculate the remainder when w is divided by z(i).
6
Suppose 4*g + 0*g - 156 = 0. Suppose -4*f - 6 = -0*l - l, -3*l + 3*f + 36 = 0. Calculate the remainder when g is divided by l.
11
Suppose 10 = 8*m - 54. What is the remainder when 12 is divided by m?
4
Let f(v) = v**2 + 8*v - 5. Let q be f(-7). Let u = q + 19. What is the remainder when u is divided by 4?
3
Suppose l = 4*g + 3, -2*g + 3*l - 6*l = -9. Suppose 2*d - 4 = 4*r, -r - 8 - 7 = -4*d. Suppose g = -2*x - r + 13. What is the remainder when 16 is divided by x?
4
Suppose 4*j - 2 = -5*w, 4*j - 17 = 3*w + 1. Suppose 105 = j*t + 42. What is the remainder when 40 is divided by t?
19
Let y be 152*(3/(-6) - 0). Let k = -156 - -282. Let l = y + k. What is the remainder when l is divided by 17?
16
Let j = 84 - 47. Suppose a - 5*a = -c - j, -4 = -a - 5*c. Suppose -d + 36 - 10 = 0. Calculate the remainder when d is divided by a.
8
Let x(a) = a**2 - 6*a - 1. Let v be x(-4). Let c = 55 - v. Calculate the remainder when 46 is divided by c.
14
Suppose -2*t = t. Let b(v) = v**2 + 10. Calculate the remainder when 37 is divided by b(t).
7
Suppose f - 5 = -n, 4*f + 10*n - 16 = 5*n. Suppose -l = -2*l + 6. Let v(p) = p**2 - 3*p + 7. Calculate the remainder when v(l) is divided by f.
7
Let w = 8 - -7. Suppose 163 = -3*u + 5*a, 5*u + 422 = 3*a + 129. Let n = u - -103. What is the remainder when n is divided by w?
12
Let o = 69 + -24. Calculate the remainder when o is divided by 8.
5
Suppose 0*k - 105 = 5*k. Let t = 64 + k. Let v = -32 - -47. What is the remainder when t is divided by v?
13
Let c = 21 - 17. Suppose 63 + 21 = c*o + 4*v, -2*o + 3*v + 27 = 0. Calculate the remainder when 35 is divided by o.
17
Let f(x) = -2*x**2 - 11. Let c(u) = 2*u**2 + 10. Let t(j) = -3*c(j) - 4*f(j). Let r(z) = 13*z. Calculate the remainder when r(3) is divided by t(0).
11
Let h(n) = -n**3 - n**2 - n - 2. Let b be h(0). Let a(r) = 4*r**2 + 2*r + 3. What is the remainder when a(b) is divided by 8?
7
Let t = 0 + 2. Let i(x) = 2*x**2 - 3*x + 1. Let n be i(t). Suppose n*u + 6 = -5*y, 0 = u - 6*u - 5*y. Calculate the remainder when 6 is divided by u.
0
Suppose 0 = -34*h + 38*h - 152. What is the remainder when 113 is divided by h?
37
Let i(u) = -u**2 - 4*u + 8. What is the remainder when i(-4) is divided by 1?
0
Let y = 59 + 5. Suppose -4*k - 28 = -3*a, 4*a - 5 = 5*k + 31. Suppose 4*l + 9 = g + 95, -8 = -a*g. Calculate the remainder when y is divided by l.
20
Suppose 0 = -2*z - 3*f + 8, -2*f + 4 = 2*z + 3*f. Let l = -164 + 168. Calculate the remainder when z is divided by l.
3
Let l = 29 + -18. Suppose -2*p + 11 + 1 = 0. Calculate the remainder when l is divided by p.
5
Suppose 7*r - 237 = 1. What is the remainder when 66 is divided by r?
32
Suppose -51 = -4*s + 5*t, 33 = 5*s + 6*t - 2*t. What is the remainder when 33 is divided by s?
6
Let j(i) = -23*i. Let c be j(-4). Suppose -c = -4*y + 12. Calculate the remainder when y is divided by 6.
2
Let f = 51 + -22. Calculate the remainder when f is divided by 255/(-35) + 7 + 72/7.
9
Let z = -47 - -80. Let t(h) = -h + 10. What is the remainder when z is divided by t(-8)?
15
Suppose 2*u = -3*z + 2 + 11, 4*z = u + 10. Let t = z - -36. Calculate the remainder when t is divided by 10.
9
Let y(z) = z**3 + 8*z**2 + z + 5. What is the remainder when y(-7) is divided by 17?
13
Suppose 0 = 2*t - 170 + 16. Let s(k) = -19*k + 1. What is the remainder when t is divided by s(-1)?
17
What is the remainder when 14 is divided by ((-65)/25 - -7) + 6/10?
4
Let s = -17 + 42. What is the remainder when s is divided by (4 - (-20)/(-4))*-9?
7
Let y(p) = -3*p + 5. Calculate the remainder when 27 is divided by y(-3).
13
Let p = 14 - 8. Suppose -49 + 26 = -f. Calculate the remainder when f is divided by p.
5
Let a be (3 - (1 + 2))/2. Suppose a*m + 8 = 4*m. What is the remainder when 4 is divided by m?
0
Let y = 19 + -13. What is the remainder when 11 is divided by y?
5
Suppose 5*c + 3*f = -6 - 4, 3*f + 19 = 4*c. Let n(z) = -2*z + 5*z + z - 5*z. What is the remainder when c is divided by n(-1)?
0
Let x(c) = c + 13*c**2 + 1 - 6*c - 14*c**2. Let s be ((-2)/(-4))/(2/(-16)). Calculate the remainder when 8 is divided by x(s).
3
What is the remainder when 197 is divided by (25/(-4))/(12/(-96))?
47
Calculate the remainder when (1/(10/152))/(6/15) is divided by